7.
-155324063
What is 4450560 (base 7) in base 11?
346346
What is -11011011011000101100 (base 2) in base 10?
-898604
Convert 7372164 (base 10) to base 5.
3341402124
Convert 12a30 (base 14) to base 15.
d906
-61652b (base 13) to base 14
-431583
Convert -d97170 (base 14) to base 3.
-111211202211221
Convert 324417 (base 14) to base 9.
3173735
Convert 17cc2cb (base 15) to base 4.
1002031002023
Convert -333000 (base 4) to base 9.
-5470
-52427 (base 8) to base 16
-5517
101111010101010001 (base 2) to base 14
50921
What is 10100010111010001111000 (base 2) in base 15?
706a72
What is -132436 (base 7) in base 3?
-1021011221
335154 (base 6) to base 8
67316
-11011100001110011 (base 2) to base 11
-77795
14025243 (base 7) to base 2
100111101100100110001
-10011011000011000101 (base 2) to base 16
-9b0c5
Convert -210420121 (base 5) to base 2.
-11010101001011001001
12131233 (base 5) to base 12
56374
Convert -11020001002 (base 3) to base 12.
-4013b
Convert 1758d4 (base 16) to base 12.
619558
What is -616c3 (base 13) in base 4?
-222222100
58191 (base 13) to base 10
160668
-100110111001000 (base 2) to base 16
-4dc8
Convert -77074 (base 11) to base 13.
-3bc07
1222120020222 (base 3) to base 6
34333042
Convert 162d (base 15) to base 13.
222a
189401 (base 14) to base 8
3244351
Convert 67118 (base 11) to base 7.
553453
Convert 549733 (base 11) to base 2.
11010110000010001001
Convert -1111011000100001001 (base 2) to base 13.
-14858b
Convert -43257 (base 11) to base 2.
-1111010110001101
Convert 1300872 (base 10) to base 16.
13d988
Convert -20002221002021 (base 3) to base 2.
-1100011000100011011010
2414225 (base 6) to base 2
11110111011001001
-1101001101001110111 (base 2) to base 4
-1221221313
What is 10210111201000 (base 3) in base 12?
813760
Convert 2a9aa9 (base 12) to base 13.
1c3908
Convert -2210000202 (base 3) to base 8.
-152647
12101222202 (base 3) to base 16
19fbb
What is 417127 (base 8) in base 5?
13420324
What is 1018889 (base 10) in base 8?
3706011
Convert 2454657 (base 8) to base 10.
678319
What is 490457 (base 14) in base 13?
695c63
Convert -244111 (base 8) to base 6.
-1445025
Convert 251406 (base 8) to base 5.
10234130
Convert 10568637 (base 10) to base 7.
155555232
What is -367067 (base 12) in base 11?
-553527
-1230020003 (base 4) to base 9
-744462
What is -5123167 (base 11) in base 12?
-3046745
Convert 2445040 (base 6) to base 9.
218256
What is 100101011021 (base 3) in base 12?
8a974
Convert -117bef (base 16) to base 9.
-2135714
What is 4356406 (base 7) in base 10?
535282
What is 18a218 (base 11) in base 10?
291750
-222312011 (base 4) to base 2
-101010110110000101
-43131035 (base 6) to base 7
-13544222
What is 100011101100001011010000 (base 2) in base 6?
532310424
-7e5b24 (base 15) to base 2
-10111000011100001101111
150888 (base 10) to base 6
3122320
Convert -4015346 (base 9) to base 7.
-24105102
What is 441121 (base 5) in base 2?
11101100111001
What is 2320505 (base 6) in base 10?
119417
Convert -52512 (base 9) to base 11.
-24067
Convert -35004 (base 13) to base 5.
-11043142
What is -221220200221 (base 3) in base 13?
-14b231
Convert 32122431 (base 6) to base 16.
e67d3
Convert 210022012000 (base 3) to base 8.
1462756
-21521124 (base 7) to base 13
-4cbb40
What is 15ad641 (base 14) in base 8?
50454551
What is 210300011113 (base 4) in base 2?
100100110000000101010111
What is 174114 (base 8) in base 15?
13c79
What is 463994 (base 10) in base 16?
7147a
Convert 920b50 (base 14) to base 5.
2224410344
Convert -835658 (base 9) to base 3.
-221012201222
Convert 310103133 (base 4) to base 16.
344df
11000001011101011011 (base 2) to base 4
3001131123
-3472 (base 15) to base 7
-44312
11011101002102 (base 3) to base 16
21c00b
Convert 10010110110110011100 (base 2) to base 16.
96d9c
Convert 101222222001 (base 3) to base 12.
a5347
-210112102020 (base 3) to base 5
-102030402
Convert -44434644 (base 7) to base 2.
-1110101001101110000001
What is -13162 (base 13) in base 9?
-53504
-68d87 (base 14) to base 6
-5245031
What is -13545345 (base 6) in base 14?
-c1757
What is 76e8a (base 15) in base 9?
635344
-24a1128 (base 12) to base 11
-4061946
What is -1dd5763 (base 14) in base 16?
-e56dbb
What is 32142 (base 13) in base 3?
11120212110
Convert -1022300320 (base 4) to base 16.
-4ac38
What is -14142 (base 13) in base 3?
-1220112120
What is 18bc12 (base 16) in base 7?
16530656
8a2aa (base 16) to base 4
2022022222
11ab2 (base 14) to base 11
2a572
What is 111954 (base 11) in base 12?
87137
What is -770c52 (base 15) in base 13?
-1238096
Convert -1101110110111111001 (base 2) to base 5.
-104013022
-3b7296 (base 15) to base 16
-2ba0d0
Convert 130211211022 (base 4) to base 13.
1724cc8
What is -251475 (base 15) in base 9?
-3306512
-1220101 (base 7) to base 6
-3202431
-daac0 (base 16) to base 9
-1614570
Convert -1f2497 (base 16) to base 9.
-3750628
What is -231333 (base 7) in base 13?
-15a74
What is 203002000 (base 4) in base 6?
3024144
Convert 533623 (base 7) to base 5.
10430303
-b9649 (base 12) to base 11
-157826
dfe2c (base 16) to base 2
11011111111000101100
What is 10b223 (base 12) in base 13?
95094
What is 20241003 (base 6) in base 15?
b716c
Convert -2a8245 (base 11) to base 7.
-4034550
Convert 44446 (base 8) to base 4.
10210212
-23413434 (base 5) to base 7
-1561623
Convert 2569cd (base 14) to base 15.
1a6127
What is 289325 (base 10) in base 11?
188413
What is -21021120122020 (base 3) in base 11?
-2203047
Convert 211201022211 (base 3) to base 8.
1551213
What is -54073 (base 12) in base 6?
-2212223
278553 (base 10) to base 15
57803
2231aa (base 11) to base 8
1266442
Convert 295434 (base 11) to base 8.
1604367
What is 70a5814 (base 11) in base 10?
12554975
Convert -1b283bb (base 12) to base 14.
-aa60a3
Convert 11110011100000110 (base 2) to base 8.
363406
1010101111111000110111 (base 2) to base 10
2817591
-39a03 (base 13) to base 4
-122022031
-2209653 (base 12) to base 2
-11000101111100001011111
What is 101010000101100010111 (base 2) in base 16?
150b17
92d239 (base 16) to base 8
44551071
-33a4101 (base 11) to base 3
-102012021102222
201111133001 (base 4) to base 16
8557c1
-63077 (base 15) to base 6
-10421351
What is -1d46 (base 16) in base 6?
-54410
-18368 (base 13) to base 5
-2443410
-61234 (base 12) to base 16
-1ee08
Convert -202100111102 (base 3) to base 6.
-12330315
186a71a (base 12) to base 7
61341160
Convert -1354225 (base 6) to base 3.
-10221012022
d74457 (base 14) to base 2
11011101111100000001101
-10000000001011110111 (base 2) to base 6
-15130435
-10000011100101111001110 (base 2) to base 6
-232231010
-3134333144 (base 5) to base 13
-14882ca
Convert 72455 (base 9) to base 6.
1005035
Convert 213141300 (base 5) to base 15.
1303a0
What is -102214401 (base 5) in base 14?
-b267d
What is -1604043 (base 7) in base 9?
-364566
Convert -272050 (base 9) to base 7.
-1256406
Convert 1100111000011000100001 (base 2) to base 11.
19a6a43
Convert -3dbab0 (base 16) to base 15.
-54d9e3
Convert 736113 (base 9) to base 7.
3501330
Convert 68817 (base 10) to base 11.
47781
-23110030 (base 6) to base 14
-1464dc
What is -dbbc0 (base 14) in base 5?
-114010131
What is 275898 (base 10) in base 14?
72790
69a111 (base 12) to base 10
1697053
Convert -10226044 (base 7) to base 13.
-243394
Convert 1101110111011110010 (base 2) to base 6.
13423350
Convert 331303 (base 8) to base 12.
544ab
What is 6003b (base 16) in base 2?
1100000000000111011
What is -408866 (base 9) in base 10?
-242736
-13068b6 (base 12) to base 7
-43552566
26a48a5 (base 13) to base 10
12177261
-415073 (base 9) to base 8
-741304
Convert -2254054 (base 6) to base 15.
-24697
What is -10bc236 (base 13) in base 11?
-2a0a654
16f825 (base 16) to base 7
15536452
Convert 50831 (base 12) to base 8.
314645
15d969 (base 14) to base 15
1025c3
Convert -1002232 (base 5) to base 6.
-201450
112687 (base 9) to base 16
10831
What is 6188d3 (base 14) in base 10?
3289065
What is -a6c8 (base 14) in base 4?
-13001320
Convert -1073210 (base 9) to base 4.
-2031202032
What is 794323 (base 12) in base 3?
10122100110000
-2786b (base 12) to base 8
-153023
Convert 11241131 (base 6) to base 15.
6ced4
What is 171404 (base 8) in base 2?
1111001100000100
What is -1641e4 (base 16) in base 6?
-51133020
What is -2322201031 (base 4) in base 12?
-30a151
Convert ca327 (base 16) to base 5